he hundreds digit of 141685?
6
What is the thousands digit of 2271822?
1
What is the thousands digit of 277578?
7
What is the hundreds digit of 1750519?
5
What is the tens digit of 329643?
4
What is the units digit of 1378215?
5
What is the units digit of 801530?
0
What is the tens digit of 17776059?
5
What is the hundreds digit of 2023173?
1
What is the hundred thousands digit of 383047?
3
What is the hundreds digit of 781487?
4
What is the thousands digit of 695048?
5
What is the tens digit of 2155709?
0
What is the tens digit of 308000?
0
What is the hundred thousands digit of 4562512?
5
What is the ten thousands digit of 20658891?
5
What is the thousands digit of 14152253?
2
What is the ten millions digit of 15685204?
1
What is the ten thousands digit of 4660616?
6
What is the hundred thousands digit of 196351?
1
What is the hundreds digit of 147806?
8
What is the ten thousands digit of 27279708?
7
What is the tens digit of 379293?
9
What is the tens digit of 9851753?
5
What is the hundreds digit of 221641?
6
What is the tens digit of 74292?
9
What is the hundred thousands digit of 134547?
1
What is the units digit of 173649?
9
What is the hundreds digit of 375237?
2
What is the units digit of 525003?
3
What is the thousands digit of 60937?
0
What is the millions digit of 7863552?
7
What is the hundreds digit of 517721?
7
What is the thousands digit of 469087?
9
What is the hundreds digit of 5341825?
8
What is the units digit of 2921593?
3
What is the units digit of 20801823?
3
What is the thousands digit of 2760196?
0
What is the ten thousands digit of 608725?
0
What is the hundred thousands digit of 365458?
3
What is the tens digit of 198245?
4
What is the units digit of 732686?
6
What is the hundreds digit of 14124?
1
What is the hundred thousands digit of 4957399?
9
What is the thousands digit of 779294?
9
What is the ten millions digit of 10968805?
1
What is the millions digit of 1996728?
1
What is the tens digit of 31972480?
8
What is the units digit of 10345202?
2
What is the ten thousands digit of 6858312?
5
What is the hundreds digit of 1499493?
4
What is the hundred thousands digit of 1451366?
4
What is the thousands digit of 963561?
3
What is the thousands digit of 343363?
3
What is the tens digit of 387240?
4
What is the thousands digit of 2527020?
7
What is the hundred thousands digit of 573003?
5
What is the tens digit of 981723?
2
What is the hundreds digit of 187356?
3
What is the ten thousands digit of 1935400?
3
What is the millions digit of 1267949?
1
What is the units digit of 970881?
1
What is the hundred thousands digit of 3481377?
4
What is the tens digit of 1081235?
3
What is the ten thousands digit of 1360271?
6
What is the hundreds digit of 32249?
2
What is the tens digit of 1771567?
6
What is the hundreds digit of 29241818?
8
What is the units digit of 28295999?
9
What is the thousands digit of 628718?
8
What is the units digit of 86942?
2
What is the tens digit of 15788615?
1
What is the ten thousands digit of 1235081?
3
What is the tens digit of 2285105?
0
What is the millions digit of 42931997?
2
What is the units digit of 17258?
8
What is the tens digit of 24305687?
8
What is the tens digit of 148360?
6
What is the units digit of 251838?
8
What is the tens digit of 5913436?
3
What is the hundreds digit of 12152?
1
What is the units digit of 282046?
6
What is the units digit of 98917?
7
What is the thousands digit of 6272886?
2
What is the tens digit of 2700880?
8
What is the tens digit of 217163?
6
What is the ten thousands digit of 2837395?
3
What is the millions digit of 16763836?
6
What is the hundred thousands digit of 128024?
1
What is the hundred thousands digit of 3568891?
5
What is the ten thousands digit of 550351?
5
What is the ten thousands digit of 209077?
0
What is the thousands digit of 1899506?
9
What is the tens digit of 24592318?
1
What is the ten thousands digit of 21532241?
3
What is the ten thousands digit of 8875765?
7
What is the thousands digit of 2399878?
9
What is the millions digit of 1191510?
1
What is the units digit of 12108608?
8
What is the ten thousands digit of 2658313?
5
What is the ten thousands digit of 4733868?
3
What is the ten thousands digit of 562257?
6
What is the units digit of 2420602?
2
What is the tens digit of 290049?
4
What is the units digit of 2331214?
4
What is the hundreds digit of 2357572?
5
What is the hundreds digit of 8500839?
8
What is the millions digit of 2808792?
2
What is the units digit of 15839133?
3
What is the hundreds digit of 1211583?
5
What is the units digit of 256464?
4
What is the tens digit of 3153874?
7
What is the tens digit of 289534?
3
What is the ten thousands digit of 1666383?
6
What is the units digit of 99921?
1
What is the millions digit of 1368096?
1
What is the tens digit of 382798?
9
What is the hundred thousands digit of 3834009?
8
What is the hundreds digit of 1601649?
6
What is the ten thousands digit of 3180470?
8
What is the units digit of 607632?
2
What is the ten thousands digit of 17173542?
7
What is the tens digit of 15908785?
8
What is the units digit of 92435?
5
What is the units digit of 611428?
8
What is the units digit of 2956619?
9
What is the millions digit of 36761999?
6
What is the hundred thousands digit of 2288481?
2
What is the units digit of 4808471?
1
What is the hundred thousands digit of 20816333?
8
What is the tens digit of 96531?
3
What is the millions digit of 3805973?
3
What is the tens digit of 186947?
4
What is the ten thousands digit of 278307?
7
What is the ten thousands digit of 584442?
8
What is the thousands digit of 1410788?
0
What is the millions digit of 2645753?
2
What is the ten thousands digit of 66148?
6
What is the tens digit of 159301?
0
What is the tens digit of 7012880?
8
What is the thousands digit of 235748?
5
What is the hundreds digit of 1045659?
6
What is the tens digit of 369051?
5
What is the hundreds digit of 27501?
5
What is the tens digit of 309772?
7
What is the ten thousands digit of 1502578?
0
What is the thousands digit of 826881?
6
What is the ten millions digit of 16161270?
1
What is the ten thousands digit of 278309?
7
What is the ten thousands digit of 838485?
3
What is the thousands digit of 4410048?
0
What is the ten thousands digit of 323888?
2
What is the units digit of 6348150?
0
What is the units digit of 1804565?
5
What is the units digit of 486322?
2
What is the hundreds digit of 9322696?
6
What is the tens digit of 647892?
9
What is the hundreds digit of 679347?
3
What is the thousands digit of 927164?
7
What is the hundreds digit of 964466?
4
What is the hundred thousands digit of 614333?
6
What is the thousands digit of 261729?
1
What is the millions digit of 4020630?
4
What is the units digit of 419671?
1
What is the hundreds digit of 1913305?
3
What is the hundreds digit of 1835415?
4
What is the units digit of 5389104?
4
What is the hundred thousands digit of 1233777?
2
What is the thousands digit of 2468053?
8
What is the tens digit of 1202799?
9
What is the millions digit of 1656553?
1
What is the tens digit of 4778320?
2
What is the thousands digit of 75792?
5
What is the hundreds digit of 199606?
6
What is the tens digit of 24350550?
5
What is the units digit of 116357?
7
What is the units digit of 1113145?
5
What is the hundreds digit of 104572?
5
What is the hundred thousands digit of 1424432?
4
What is the tens digit of 492098?
9
What is the hundreds digit of 39481323?
3
What is the units digit of 6952999?
9
What is the ten thousands digit of 18664696?
6
What is the millions digit of 2993786?
2
What is the units digit of 7849?
9
What is the units digit of 186818?
8
What is the ten thousands digit of 5052109?
5
What is the thousands digit of 717798?
7
What is the hundred thousands digit of 3291787?
2
What is the hundreds digit of 26188?
1
What is the hundred thousands digit of 15959146?
9
What is the hundred thousands digit of 1387677?
3
What is the hundreds digit of 7014458?
4
What is the units digit of 203055?
5
What is the hundred thousands digit of 386336?
3
What is the tens digit of 197553?
5
What is the ten thousands digit of 7613099?
1
What is the ten thousands digit of 1128142?
2
What is the hundreds digit of 526976?
9
What is the